2186.
2164
Calculate the remainder when 638480 is divided by 13560.
1160
Calculate the remainder when 21850 is divided by 1424.
490
What is the remainder when 507164454 is divided by 5?
4
Calculate the remainder when 18233 is divided by 2359.
1720
What is the remainder when 8223549 is divided by 46?
37
What is the remainder when 147732 is divided by 9802?
702
What is the remainder when 55649391 is divided by 9?
6
What is the remainder when 11752 is divided by 4849?
2054
What is the remainder when 798483 is divided by 436?
167
What is the remainder when 26851510 is divided by 113?
111
Calculate the remainder when 46238849 is divided by 233.
232
What is the remainder when 39500 is divided by 12839?
983
What is the remainder when 12589293 is divided by 3421?
13
What is the remainder when 5838247 is divided by 2123?
2120
Calculate the remainder when 32072 is divided by 47.
18
What is the remainder when 822612 is divided by 214?
210
Calculate the remainder when 39234 is divided by 9451.
1430
What is the remainder when 2531142 is divided by 49630?
12
Calculate the remainder when 1452188 is divided by 8394.
26
Calculate the remainder when 3233187 is divided by 248.
11
Calculate the remainder when 463893 is divided by 2563.
2553
What is the remainder when 113231 is divided by 18865?
41
Calculate the remainder when 448424 is divided by 2020.
2004
What is the remainder when 6144786 is divided by 93?
90
Calculate the remainder when 3024099 is divided by 135.
99
What is the remainder when 591138 is divided by 24?
18
What is the remainder when 478527 is divided by 14?
7
Calculate the remainder when 45659 is divided by 3744.
731
What is the remainder when 4678216 is divided by 1123?
921
What is the remainder when 5366900 is divided by 3323?
255
Calculate the remainder when 180730683 is divided by 2868741.
0
Calculate the remainder when 1192603 is divided by 14.
13
What is the remainder when 29234559 is divided by 92?
87
Calculate the remainder when 14204 is divided by 50.
4
Calculate the remainder when 35064 is divided by 186.
96
Calculate the remainder when 29768058 is divided by 589.
587
Calculate the remainder when 115070 is divided by 2206.
358
What is the remainder when 658356 is divided by 329125?
106
Calculate the remainder when 21999 is divided by 987.
285
What is the remainder when 3235891 is divided by 83?
53
What is the remainder when 273982 is divided by 66966?
6118
What is the remainder when 337461 is divided by 58?
17
Calculate the remainder when 898747 is divided by 3769.
1725
What is the remainder when 2855733 is divided by 208?
101
Calculate the remainder when 16154 is divided by 488.
50
Calculate the remainder when 241461129 is divided by 51.
48
Calculate the remainder when 184352658 is divided by 1454.
1452
Calculate the remainder when 87239 is divided by 4845.
29
What is the remainder when 117993 is divided by 29356?
569
Calculate the remainder when 59293 is divided by 29372.
549
Calculate the remainder when 1237368 is divided by 7878.
522
Calculate the remainder when 12494387 is divided by 112.
3
Calculate the remainder when 2697383 is divided by 309.
122
What is the remainder when 38774942 is divided by 9?
8
What is the remainder when 112571780 is divided by 29671?
6
What is the remainder when 55465234 is divided by 4146?
46
What is the remainder when 25005820 is divided by 211?
210
Calculate the remainder when 30952 is divided by 174.
154
Calculate the remainder when 179323 is divided by 140.
123
Calculate the remainder when 640198 is divided by 351.
325
What is the remainder when 1147189 is divided by 3872?
1077
What is the remainder when 289387416 is divided by 62?
60
Calculate the remainder when 56606 is divided by 981.
689
Calculate the remainder when 372176 is divided by 3875.
176
Calculate the remainder when 24629689 is divided by 1999.
10
Calculate the remainder when 29740 is divided by 8551.
4087
What is the remainder when 71196 is divided by 424?
388
Calculate the remainder when 4246304 is divided by 7937.
9
What is the remainder when 6870123 is divided by 51?
15
What is the remainder when 280634 is divided by 31128?
482
What is the remainder when 1529222 is divided by 5080?
142
Calculate the remainder when 276694576 is divided by 773.
772
Calculate the remainder when 64670 is divided by 15703.
1858
What is the remainder when 5415631 is divided by 29?
26
Calculate the remainder when 1349924 is divided by 767.
4
Calculate the remainder when 12725869 is divided by 31.
28
Calculate the remainder when 107883935 is divided by 2329.
2326
Calculate the remainder when 3198461 is divided by 8598.
5
What is the remainder when 3613217 is divided by 40?
17
What is the remainder when 10542552 is divided by 411?
402
What is the remainder when 82316 is divided by 1354?
1076
What is the remainder when 7544094 is divided by 398?
4
Calculate the remainder when 2940298 is divided by 110.
108
What is the remainder when 7416213 is divided by 1236033?
15
What is the remainder when 16144566 is divided by 44?
42
What is the remainder when 1213029919 is divided by 304?
303
What is the remainder when 70027 is divided by 1842?
31
What is the remainder when 37903 is divided by 2118?
1897
Calculate the remainder when 35750 is divided by 8860.
310
What is the remainder when 40348451 is divided by 1980?
11
Calculate the remainder when 1002664 is divided by 8281.
663
Calculate the remainder when 98733 is divided by 2419.
1973
Calculate the remainder when 7962 is divided by 4.
2
What is the remainder when 11533 is divided by 5098?
1337
Calculate the remainder when 5841311 is divided by 426.
425
Calculate the remainder when 270193 is divided by 1123.
673
Calculate the remainder when 899191 is divided by 1989.
163
Calculate the remainder when 26433031 is divided by 14.
9
Calculate the remainder when 18220 is divided by 3627.
85
What is the remainder when 80421 is divided by 20019?
345
Calculate the remainder when 328175 is divided by 65.
55
What is the remainder when 729783293 is divided by 1408?
1405
Calculate the remainder when 26379635 is divided by 1287.
1283
What is the remainder when 1466079 is divided by 267?
249
What is the remainder when 20689919 is divided by 229887?
89
Calculate the remainder when 16521 is divided by 155.
91
Calculate the remainder when 4457301 is divided by 17.
3
Calculate the remainder when 1980390 is divided by 767.
763
Calculate the remainder when 9646613 is divided by 3215528.
29
What is the remainder when 7664820 is divided by 104?
20
Calculate the remainder when 13768499 is divided by 1370.
1369
Calculate the remainder when 25001640 is divided by 3754.
0
Calculate the remainder when 39899 is divided by 42.
41
Calculate the remainder when 44266 is divided by 11045.
86
What is the remainder when 23463862 is divided by 8150?
12
What is the remainder when 2085415 is divided by 13719?
127
Calculate the remainder when 2279211 is divided by 698.
241
What is the remainder when 319121 is divided by 258?
233
What is the remainder when 129673 is divided by 43214?
31
Calculate the remainder when 29787760 is divided by 395.
20
Calculate the remainder when 1516358 is divided by 35264.
6
Calculate the remainder when 11006058 is divided by 61.
11
Calculate the remainder when 294008128 is divided by 2665.
2663
What is the remainder when 61808 is divided by 8827?
19
What is the remainder when 80941 is divided by 80014?
927
Calculate the remainder when 142675 is divided by 92.
75
What is the remainder when 18077 is divided by 6049?
5979
Calculate the remainder when 113656 is divided by 12353.
2479
Calculate the remainder when 122260 is divided by 36.
4
What is the remainder when 2561965 is divided by 1559?
528
What is the remainder when 1847673 is divided by 5249?
25
Calculate the remainder when 252276 is divided by 3709.
64
What is the remainder when 2183841 is divided by 12999?
9
Calculate the remainder when 44245 is divided by 6961.
2479
What is the remainder when 282907 is divided by 199?
128
Calculate the remainder when 1879922 is divided by 265.
12
Calculate the remainder when 47187165 is divided by 278.
1
What is the remainder when 36801222 is divided by 133?
122
What is the remainder when 348660 is divided by 58087?
138
What is the